{"id":160,"date":"2018-09-24T14:08:40","date_gmt":"2018-09-24T14:08:40","guid":{"rendered":"https:\/\/mondoconsult.ro\/cursuri\/?page_id=160"},"modified":"2020-10-21T10:20:49","modified_gmt":"2020-10-21T10:20:49","slug":"pocu-107734","status":"publish","type":"page","link":"https:\/\/mondoconsult.ro\/cursuri\/pocu-107734\/","title":{"rendered":"POCU 107734"},"content":{"rendered":"\n<div class=\"wp-block-group\"><div class=\"wp-block-group__inner-container is-layout-flow wp-block-group-is-layout-flow\">\n<p><a href=\"https:\/\/mondoconsult.ro\/cursuri\/wp-content\/uploads\/2018\/10\/Imagine-Bitmap-nou\u0103.bmp\"><img loading=\"lazy\" decoding=\"async\" class=\"alignnone size-full wp-image-181\" src=\"https:\/\/mondoconsult.ro\/cursuri\/wp-content\/uploads\/2018\/10\/Imagine-Bitmap-nou\u0103.bmp\" alt=\"\" width=\"724\" height=\"96\" \/><\/a><\/p>\n<h6 style=\"text-align: left;\"><a href=\"https:\/\/mondoconsult.ro\/cursuri\/wp-content\/uploads\/2020\/10\/122083718_1472054476518648_5765355383831793104_o.jpg\"><img loading=\"lazy\" decoding=\"async\" class=\"alignnone size-full wp-image-587\" src=\"https:\/\/mondoconsult.ro\/cursuri\/wp-content\/uploads\/2020\/10\/122083718_1472054476518648_5765355383831793104_o.jpg\" alt=\"\" width=\"526\" height=\"681\" srcset=\"https:\/\/mondoconsult.ro\/cursuri\/wp-content\/uploads\/2020\/10\/122083718_1472054476518648_5765355383831793104_o.jpg 526w, https:\/\/mondoconsult.ro\/cursuri\/wp-content\/uploads\/2020\/10\/122083718_1472054476518648_5765355383831793104_o-232x300.jpg 232w\" sizes=\"auto, (max-width: 526px) 100vw, 526px\" \/><\/a><br \/><br \/><br \/><br \/><br \/>FONDUL SOCIAL EUROPEAN<br \/>\u201eProiect cofinantat din Fondul Social European prin Programul Operational Capital Uman\u201d<br \/>Proiect: Dezvoltarea de competente \u00een vederea facilitarii accesului pe piata muncii<br \/>Contract: POCU\/90\/6\/19\/107734<br \/><em>Axa prioritara <\/em>6 Educatie si Competente<\/h6>\n<p style=\"text-align: center;\"><a href=\"https:\/\/mondoconsult.ro\/cursuri\/wp-content\/uploads\/2020\/01\/WhatsApp-Image-2020-01-30-at-10.48.25.jpeg\"><img loading=\"lazy\" decoding=\"async\" class=\"wp-image-444 aligncenter\" src=\"https:\/\/mondoconsult.ro\/cursuri\/wp-content\/uploads\/2020\/01\/WhatsApp-Image-2020-01-30-at-10.48.25.jpeg\" alt=\"\" width=\"384\" height=\"512\" srcset=\"https:\/\/mondoconsult.ro\/cursuri\/wp-content\/uploads\/2020\/01\/WhatsApp-Image-2020-01-30-at-10.48.25.jpeg 768w, https:\/\/mondoconsult.ro\/cursuri\/wp-content\/uploads\/2020\/01\/WhatsApp-Image-2020-01-30-at-10.48.25-225x300.jpeg 225w\" sizes=\"auto, (max-width: 384px) 100vw, 384px\" \/><\/a> <a href=\"https:\/\/mondoconsult.ro\/cursuri\/wp-content\/uploads\/2020\/01\/WhatsApp-Image-2020-01-30-at-10.48.03.jpeg\"><img loading=\"lazy\" decoding=\"async\" class=\"wp-image-445 aligncenter\" src=\"https:\/\/mondoconsult.ro\/cursuri\/wp-content\/uploads\/2020\/01\/WhatsApp-Image-2020-01-30-at-10.48.03.jpeg\" alt=\"\" width=\"384\" height=\"512\" srcset=\"https:\/\/mondoconsult.ro\/cursuri\/wp-content\/uploads\/2020\/01\/WhatsApp-Image-2020-01-30-at-10.48.03.jpeg 768w, https:\/\/mondoconsult.ro\/cursuri\/wp-content\/uploads\/2020\/01\/WhatsApp-Image-2020-01-30-at-10.48.03-225x300.jpeg 225w\" sizes=\"auto, (max-width: 384px) 100vw, 384px\" \/>CONSILIERE FOC\u0218ANI -2019<\/a><\/p>\n<p>Mondo Consult SRL implementeaz\u0103, \u00een calitate de beneficiar, implementeaz\u0103 al\u0103turi de Asocia\u021bia pentru Integrare European\u0103 \u0219i Dezvoltare Durabil\u0103 &#8211; INTEGRA, \u00een calitate de partener, proiectul \u201dDezvoltarea de competen\u021be \u00een vederea facilit\u0103rii accesului pe piata muncii\u201d.<br \/>Valoarea total\u0103 a proiectului este de <strong>2.165.935,32\u00a0<\/strong>lei, din care <strong>1.091.647,26<\/strong>\u00a0lei reprezint\u0103 valoarea aferent\u0103 beneficiarului.<\/p>\n<p>Data inceperii proiectului : 29.08.2018<\/p>\n<p>Data finalizarii proiectului: 28.08.2020<\/p>\n<p>Obiectivul general al proiectului &#8222;Dezvoltarea de competente in vederea facilitarii accesului pe piata muncii&#8221; consta in facilitarea integrarii pe piata muncii si in viata activa a elevilor din regiunile Sud Est, judetele<br \/>Buzau si Vrancea prin accesul la activita\u00fei de \u00eenva\u00feare la un poten\u00feial loc de munca in stransa legatura cu evolutia pietei muncii. Proiectul<br \/>contribuie la obiectivele prezentului apel, respecta cadrul oferit de ghidul solicitantului si prin implementarea acestuia conduce la o<br \/>imbunatatire a situatiei (statutului) pe piata fortei de munca a minim 180 de persoane, noii angajati ai firmelor partenere in proiect.<\/p>\n<p><a href=\"https:\/\/mondoconsult.ro\/cursuri\/wp-content\/uploads\/2019\/02\/Image.jpg\"><img loading=\"lazy\" decoding=\"async\" class=\"alignnone size-large wp-image-240\" src=\"https:\/\/mondoconsult.ro\/cursuri\/wp-content\/uploads\/2019\/02\/Image-1024x1004.jpg\" alt=\"\" width=\"590\" height=\"578\" srcset=\"https:\/\/mondoconsult.ro\/cursuri\/wp-content\/uploads\/2019\/02\/Image-1024x1004.jpg 1024w, https:\/\/mondoconsult.ro\/cursuri\/wp-content\/uploads\/2019\/02\/Image-300x294.jpg 300w, https:\/\/mondoconsult.ro\/cursuri\/wp-content\/uploads\/2019\/02\/Image-768x753.jpg 768w\" sizes=\"auto, (max-width: 590px) 100vw, 590px\" \/><\/a><br \/><a href=\"https:\/\/mondoconsult.ro\/cursuri\/wp-content\/uploads\/2018\/09\/Invitatie-de-participare.pdf\">Invitatie de participare &#8211; Combustibil &#8211; 107734<\/a><\/p>\n<p><a href=\"https:\/\/mondoconsult.ro\/cursuri\/wp-content\/uploads\/2018\/09\/03.-Invitatie-de-participare-Materiale-consumabile-107734.pdf\">Invitatie de participare &#8211; Materiale consumabile &#8211; 107734<\/a><\/p>\n<p><a href=\"https:\/\/mondoconsult.ro\/cursuri\/wp-content\/uploads\/2018\/10\/Invitatie-achizitie-fly-ere.pdf\">Invitatie de participare &#8211; Fly-ere &#8211; 107734<\/a><\/p>\n<p><a href=\"https:\/\/mondoconsult.ro\/cursuri\/wp-content\/uploads\/2018\/10\/Invitatie-echipamente-IT.pdf\">Invitatie de participare &#8211; Echipamente IT &#8211; 107734<\/a><\/p>\n<p><a href=\"https:\/\/mondoconsult.ro\/cursuri\/wp-content\/uploads\/2018\/10\/Invitatie-organzare-evenimente.pdf\">Invitatie de participare &#8211; Organizare evenimente &#8211; 107734<\/a><\/p>\n<p><a href=\"https:\/\/mondoconsult.ro\/cursuri\/wp-content\/uploads\/2019\/02\/In-atentia-agentilor-economici-1.pdf\">In atentia agentilor economici<\/a><\/p>\n<p><a href=\"https:\/\/mondoconsult.ro\/cursuri\/wp-content\/uploads\/2018\/10\/Subsol-107734.bmp\"><img loading=\"lazy\" decoding=\"async\" class=\"alignnone  wp-image-182\" src=\"https:\/\/mondoconsult.ro\/cursuri\/wp-content\/uploads\/2018\/10\/Subsol-107734.bmp\" alt=\"\" width=\"642\" height=\"68\" \/><\/a><\/p>\n<\/div><\/div>\n\n\n\n<p><\/p>\n\n\n\n<figure class=\"wp-block-embed-youtube wp-block-embed is-type-video is-provider-youtube wp-embed-aspect-4-3 wp-has-aspect-ratio\"><div class=\"wp-block-embed__wrapper\">\n<iframe loading=\"lazy\" title=\"VID 20190920 WA0010\" width=\"590\" height=\"443\" src=\"https:\/\/www.youtube.com\/embed\/OYP0vQ-wB_Q?feature=oembed\" frameborder=\"0\" allow=\"accelerometer; autoplay; clipboard-write; encrypted-media; gyroscope; picture-in-picture; web-share\" referrerpolicy=\"strict-origin-when-cross-origin\" allowfullscreen><\/iframe>\n<\/div><\/figure>\n\n\n\n<p><\/p>\n","protected":false},"excerpt":{"rendered":"<p>FONDUL SOCIAL EUROPEAN\u201eProiect cofinantat din Fondul Social European prin Programul Operational Capital Uman\u201dProiect: Dezvoltarea de competente \u00een vederea facilitarii accesului pe piata munciiContract: POCU\/90\/6\/19\/107734Axa prioritara 6 Educatie si Competente CONSILIERE FOC\u0218ANI -2019 Mondo Consult SRL implementeaz\u0103, \u00een calitate de beneficiar, implementeaz\u0103 al\u0103turi de Asocia\u021bia pentru Integrare European\u0103 \u0219i Dezvoltare Durabil\u0103 &#8211; INTEGRA, \u00een calitate de [&hellip;]<\/p>\n","protected":false},"author":2,"featured_media":0,"parent":0,"menu_order":0,"comment_status":"closed","ping_status":"closed","template":"","meta":{"footnotes":""},"class_list":["post-160","page","type-page","status-publish","hentry"],"_links":{"self":[{"href":"https:\/\/mondoconsult.ro\/cursuri\/wp-json\/wp\/v2\/pages\/160","targetHints":{"allow":["GET"]}}],"collection":[{"href":"https:\/\/mondoconsult.ro\/cursuri\/wp-json\/wp\/v2\/pages"}],"about":[{"href":"https:\/\/mondoconsult.ro\/cursuri\/wp-json\/wp\/v2\/types\/page"}],"author":[{"embeddable":true,"href":"https:\/\/mondoconsult.ro\/cursuri\/wp-json\/wp\/v2\/users\/2"}],"replies":[{"embeddable":true,"href":"https:\/\/mondoconsult.ro\/cursuri\/wp-json\/wp\/v2\/comments?post=160"}],"version-history":[{"count":0,"href":"https:\/\/mondoconsult.ro\/cursuri\/wp-json\/wp\/v2\/pages\/160\/revisions"}],"wp:attachment":[{"href":"https:\/\/mondoconsult.ro\/cursuri\/wp-json\/wp\/v2\/media?parent=160"}],"curies":[{"name":"wp","href":"https:\/\/api.w.org\/{rel}","templated":true}]}}